{"id":4413,"date":"2024-02-25T15:50:05","date_gmt":"2024-02-25T14:50:05","guid":{"rendered":"https:\/\/pomoc-ua.cz\/?post_type=product&#038;p=4413"},"modified":"2024-10-09T22:34:41","modified_gmt":"2024-10-09T20:34:41","slug":"triko-jeste-chvili-cerne","status":"publish","type":"product","link":"https:\/\/pomoc-ua.cz\/de\/produkt\/triko-jeste-chvili-cerne\/","title":{"rendered":"Triko &#8222;Je\u0161t\u011b chv\u00edli&#8220;- \u010dern\u00e9"},"content":{"rendered":"<p>\u010cern\u00e9 tri\u010dko &#8222;Je\u0161t\u011b chv\u00edli&#8220; s m\u00edrovou holubic\u00ed z c\u00e9d\u00e9\u010dka Pavla Helana a Sonja\u0161nyku. Na ruk\u00e1vu je \u00faryvek z p\u00edsn\u011b Spasen\u00e1 Ukrajina od ukrajinsk\u00e9ho autora Nazara Vasiljuka. Nazp\u00edvanou Pavlem Helanem a Sonja\u0161nykem za doprovodu smy\u010dcov\u00e9ho sextetu ji najdete na CD Je\u0161t\u011b chv\u00edli:<\/p>\n<p>Ty \u017dyvyj!<br \/>\n\u017dyty bude vil&#8217;na Ukrajina.<br \/>\nKrov, prolyta za ves&#8216; svit, na\u0161 hrich &#8211;<br \/>\nV nij spasinnja je dlja vsich!<\/p>\n<p>&nbsp;<\/p>\n<p>N\u00e1kupem tri\u010dka podpo\u0159\u00edte v\u00e1lkou zasa\u017eenou Ukrajinu. D\u011bkujeme!<\/p>\n","protected":false},"excerpt":{"rendered":"<p>\u010cern\u00e9 tri\u010dko &#8222;Je\u0161t\u011b chv\u00edli&#8220; s m\u00edrovou holubic\u00ed z c\u00e9d\u00e9\u010dka Pavla Helana a Sonja\u0161nyku. Na ruk\u00e1vu je \u00faryvek z p\u00edsn\u011b Spasen\u00e1 Ukrajina od ukrajinsk\u00e9ho autora Nazara Vasiljuka. Nazp\u00edvanou Pavlem Helanem a Sonja\u0161nykem za doprovodu smy\u010dcov\u00e9ho sextetu ji najdete na CD Je\u0161t\u011b chv\u00edli: Ty \u017dyvyj! \u017dyty bude vil&#8217;na Ukrajina. Krov, prolyta za ves&#8216; svit, na\u0161 hrich &#8211; [&hellip;]<\/p>\n","protected":false},"featured_media":4682,"template":"","meta":{"_acf_changed":false,"inline_featured_image":false},"product_brand":[],"product_cat":[62],"product_tag":[75],"class_list":{"0":"post-4413","1":"product","2":"type-product","3":"status-publish","4":"has-post-thumbnail","6":"product_cat-trika","7":"product_tag-jeste-chvili","9":"first","10":"instock","11":"shipping-taxable","12":"purchasable","13":"product-type-variable"},"acf":[],"_links":{"self":[{"href":"https:\/\/pomoc-ua.cz\/de\/wp-json\/wp\/v2\/product\/4413","targetHints":{"allow":["GET"]}}],"collection":[{"href":"https:\/\/pomoc-ua.cz\/de\/wp-json\/wp\/v2\/product"}],"about":[{"href":"https:\/\/pomoc-ua.cz\/de\/wp-json\/wp\/v2\/types\/product"}],"wp:featuredmedia":[{"embeddable":true,"href":"https:\/\/pomoc-ua.cz\/de\/wp-json\/wp\/v2\/media\/4682"}],"wp:attachment":[{"href":"https:\/\/pomoc-ua.cz\/de\/wp-json\/wp\/v2\/media?parent=4413"}],"wp:term":[{"taxonomy":"product_brand","embeddable":true,"href":"https:\/\/pomoc-ua.cz\/de\/wp-json\/wp\/v2\/product_brand?post=4413"},{"taxonomy":"product_cat","embeddable":true,"href":"https:\/\/pomoc-ua.cz\/de\/wp-json\/wp\/v2\/product_cat?post=4413"},{"taxonomy":"product_tag","embeddable":true,"href":"https:\/\/pomoc-ua.cz\/de\/wp-json\/wp\/v2\/product_tag?post=4413"}],"curies":[{"name":"wp","href":"https:\/\/api.w.org\/{rel}","templated":true}]}}

Triko &#8222;Ještě chvíli&#8220;- černé

<p>Černé tričko &#8222;Ještě chvíli&#8220; s mírovou holubicí z cédéčka Pavla Helana a Sonjašnyku. Na rukávu je úryvek z písně Spasená Ukrajina od ukrajinského autora Nazara Vasiljuka. Nazpívanou Pavlem Helanem a Sonjašnykem za doprovodu smyčcového sextetu ji najdete na CD Ještě chvíli:</p>
<p>Ty Žyvyj!<br />
Žyty bude vil&#8217;na Ukrajina.<br />
Krov, prolyta za ves&#8216; svit, naš hrich &#8211;<br />
V nij spasinnja je dlja vsich!</p>
<p>&nbsp;</p>
<p>Nákupem trička podpoříte válkou zasaženou Ukrajinu. Děkujeme!</p>

<p>Černé tričko &#8222;Ještě chvíli&#8220; s mírovou holubicí z cédéčka Pavla Helana a Sonjašnyku. Na rukávu je úryvek z písně Spasená Ukrajina od ukrajinského autora Nazara Vasiljuka. Nazpívanou Pavlem Helanem a Sonjašnykem za doprovodu smyčcového sextetu ji najdete na CD Ještě chvíli: Ty Žyvyj! Žyty bude vil&#8217;na Ukrajina. Krov, prolyta za ves&#8216; svit, naš hrich &#8211; [&hellip;]</p>
