{"id":4942,"date":"2024-07-24T15:40:55","date_gmt":"2024-07-24T13:40:55","guid":{"rendered":"https:\/\/pomoc-ua.cz\/?post_type=product&#038;p=4942"},"modified":"2024-10-09T22:29:17","modified_gmt":"2024-10-09T20:29:17","slug":"cd-ke-stazeni","status":"publish","type":"product","link":"https:\/\/pomoc-ua.cz\/en\/produkt\/cd-ke-stazeni\/","title":{"rendered":"CD ke sta\u017een\u00ed"},"content":{"rendered":"<p>CD &#8220;Je\u0161t\u011b chv\u00edli&#8221; Pavla Helana, Sonja\u0161nyku a smy\u010dcov\u00e9ho kvarteta ke sta\u017een\u00ed. Po zaplacen\u00ed v\u00e1m po\u0161leme na mail odkaz ke sta\u017een\u00ed a m\u016f\u017eete poslouchat online nebo si CD st\u00e1hnout. N\u00e1kupem c\u00e9d\u00e9\u010dka podpo\u0159\u00edte na\u0161e dobro\u010dinn\u00e9 a humanit\u00e1rn\u00ed aktivity pro Ukrajinu.<\/p>\n<p>Na CD najdete tyto p\u00edsn\u011b:<\/p>\n<ol>\n<li>Vojna<\/li>\n<li>Modr\u00e9 nebe<\/li>\n<li>Spasen\u00e1 Ukrajina<\/li>\n<li>Odna Kalina<\/li>\n<li>Ni\u010d jaka misja\u010dna<\/li>\n<\/ol>\n<p>Douf\u00e1me, \u017ee se v\u00e1m budou l\u00edbit.<img fetchpriority=\"high\" decoding=\"async\" class=\"alignnone size-medium wp-image-5008\" src=\"https:\/\/pomoc-ua.cz\/wp-content\/uploads\/S-4-1-767x702.png\" alt=\"\" width=\"767\" height=\"702\" srcset=\"https:\/\/pomoc-ua.cz\/wp-content\/uploads\/S-4-1-767x702.png 767w, https:\/\/pomoc-ua.cz\/wp-content\/uploads\/S-4-1-768x703.png 768w, https:\/\/pomoc-ua.cz\/wp-content\/uploads\/S-4-1-600x549.png 600w, https:\/\/pomoc-ua.cz\/wp-content\/uploads\/S-4-1.png 804w\" sizes=\"(max-width: 767px) 100vw, 767px\" \/><img decoding=\"async\" class=\"alignnone size-medium wp-image-5004\" src=\"https:\/\/pomoc-ua.cz\/wp-content\/uploads\/S-3-1-767x703.png\" alt=\"\" width=\"767\" height=\"703\" srcset=\"https:\/\/pomoc-ua.cz\/wp-content\/uploads\/S-3-1-767x703.png 767w, https:\/\/pomoc-ua.cz\/wp-content\/uploads\/S-3-1-768x704.png 768w, https:\/\/pomoc-ua.cz\/wp-content\/uploads\/S-3-1-600x550.png 600w, https:\/\/pomoc-ua.cz\/wp-content\/uploads\/S-3-1.png 803w\" sizes=\"(max-width: 767px) 100vw, 767px\" \/><\/p>\n","protected":false},"excerpt":{"rendered":"<p>CD &#8220;Je\u0161t\u011b chv\u00edli&#8221; Pavla Helana, Sonja\u0161nyku a smy\u010dcov\u00e9ho kvarteta ke sta\u017een\u00ed. Po zaplacen\u00ed v\u00e1m po\u0161leme na mail odkaz ke sta\u017een\u00ed a m\u016f\u017eete poslouchat online nebo si CD st\u00e1hnout. N\u00e1kupem c\u00e9d\u00e9\u010dka podpo\u0159\u00edte na\u0161e dobro\u010dinn\u00e9 a humanit\u00e1rn\u00ed aktivity pro Ukrajinu. Na CD najdete tyto p\u00edsn\u011b: Vojna Modr\u00e9 nebe Spasen\u00e1 Ukrajina Odna Kalina Ni\u010d jaka misja\u010dna Douf\u00e1me, \u017ee [&hellip;]<\/p>\n","protected":false},"featured_media":4382,"template":"","meta":{"_acf_changed":false,"inline_featured_image":false},"product_brand":[],"product_cat":[74],"product_tag":[73,75],"class_list":{"0":"post-4942","1":"product","2":"type-product","3":"status-publish","4":"has-post-thumbnail","6":"product_cat-cd","7":"product_tag-cd","8":"product_tag-jeste-chvili","10":"first","11":"instock","12":"virtual","13":"purchasable","14":"product-type-simple"},"acf":[],"_links":{"self":[{"href":"https:\/\/pomoc-ua.cz\/en\/wp-json\/wp\/v2\/product\/4942","targetHints":{"allow":["GET"]}}],"collection":[{"href":"https:\/\/pomoc-ua.cz\/en\/wp-json\/wp\/v2\/product"}],"about":[{"href":"https:\/\/pomoc-ua.cz\/en\/wp-json\/wp\/v2\/types\/product"}],"wp:featuredmedia":[{"embeddable":true,"href":"https:\/\/pomoc-ua.cz\/en\/wp-json\/wp\/v2\/media\/4382"}],"wp:attachment":[{"href":"https:\/\/pomoc-ua.cz\/en\/wp-json\/wp\/v2\/media?parent=4942"}],"wp:term":[{"taxonomy":"product_brand","embeddable":true,"href":"https:\/\/pomoc-ua.cz\/en\/wp-json\/wp\/v2\/product_brand?post=4942"},{"taxonomy":"product_cat","embeddable":true,"href":"https:\/\/pomoc-ua.cz\/en\/wp-json\/wp\/v2\/product_cat?post=4942"},{"taxonomy":"product_tag","embeddable":true,"href":"https:\/\/pomoc-ua.cz\/en\/wp-json\/wp\/v2\/product_tag?post=4942"}],"curies":[{"name":"wp","href":"https:\/\/api.w.org\/{rel}","templated":true}]}}

CD ke stažení

<p>CD &#8220;Ještě chvíli&#8221; Pavla Helana, Sonjašnyku a smyčcového kvarteta ke stažení. Po zaplacení vám pošleme na mail odkaz ke stažení a můžete poslouchat online nebo si CD stáhnout. Nákupem cédéčka podpoříte naše dobročinné a humanitární aktivity pro Ukrajinu.</p>
<p>Na CD najdete tyto písně:</p>
<ol>
<li>Vojna</li>
<li>Modré nebe</li>
<li>Spasená Ukrajina</li>
<li>Odna Kalina</li>
<li>Nič jaka misjačna</li>
</ol>
<p>Doufáme, že se vám budou líbit.<img fetchpriority="high" decoding="async" class="alignnone size-medium wp-image-5008" src="https://pomoc-ua.cz/wp-content/uploads/S-4-1-767x702.png" alt="" width="767" height="702" srcset="https://pomoc-ua.cz/wp-content/uploads/S-4-1-767x702.png 767w, https://pomoc-ua.cz/wp-content/uploads/S-4-1-768x703.png 768w, https://pomoc-ua.cz/wp-content/uploads/S-4-1-600x549.png 600w, https://pomoc-ua.cz/wp-content/uploads/S-4-1.png 804w" sizes="(max-width: 767px) 100vw, 767px" /><img decoding="async" class="alignnone size-medium wp-image-5004" src="https://pomoc-ua.cz/wp-content/uploads/S-3-1-767x703.png" alt="" width="767" height="703" srcset="https://pomoc-ua.cz/wp-content/uploads/S-3-1-767x703.png 767w, https://pomoc-ua.cz/wp-content/uploads/S-3-1-768x704.png 768w, https://pomoc-ua.cz/wp-content/uploads/S-3-1-600x550.png 600w, https://pomoc-ua.cz/wp-content/uploads/S-3-1.png 803w" sizes="(max-width: 767px) 100vw, 767px" /></p>

<p>CD &#8220;Ještě chvíli&#8221; Pavla Helana, Sonjašnyku a smyčcového kvarteta ke stažení. Po zaplacení vám pošleme na mail odkaz ke stažení a můžete poslouchat online nebo si CD stáhnout. Nákupem cédéčka podpoříte naše dobročinné a humanitární aktivity pro Ukrajinu. Na CD najdete tyto písně: Vojna Modré nebe Spasená Ukrajina Odna Kalina Nič jaka misjačna Doufáme, že [&hellip;]</p>
